*2 + 6*g + 5. What is the remainder when 192 is divided by z(4)?
10
Let f = 20 - 11. Suppose -3*m + 92 = -m. Suppose -5*s + s + 3*i + 94 = 0, -2*i - m = -2*s. What is the remainder when s is divided by f?
7
Let x = -30 + 31. Calculate the remainder when 1 is divided by x.
0
What is the remainder when -2 + 1 - (-60)/2 is divided by 15?
14
Let n(v) = v + 6. Suppose 38 = 5*a - 77. What is the remainder when a is divided by n(0)?
5
Let w(k) = -2*k - 1. Suppose 2*m + 0*m - 86 = -2*z, 5*z = -2*m + 215. What is the remainder when z is divided by w(-6)?
10
Let m = -131 - -270. What is the remainder when m is divided by 47?
45
Let f = 130 + -80. Calculate the remainder when f is divided by 13.
11
Suppose -r - 6*r = -161. Calculate the remainder when 66 is divided by r.
20
Suppose 0*r - 21 = -3*r. Calculate the remainder when 26 is divided by r.
5
Suppose -2*b = l - 3*b - 12, 3*l - 20 = -5*b. Calculate the remainder when 27 is divided by l.
7
Let l be 11*3/((-3)/(-2)). Suppose 2*x - 10 = l. What is the remainder when x is divided by (-1)/(0 + -1)*9?
7
Let r be 8/40 + 49/5. Let n = -15 - -69. What is the remainder when n is divided by (-8 + r)/((-1)/(-7))?
12
Calculate the remainder when (1 + (-51)/15)/(12/(-200)) is divided by 12.
4
Let b(p) = -3*p**3 - 6*p**2 + 7*p + 9. Let n(m) = m**3 - m**2 + m + 1. Let h(k) = b(k) + 4*n(k). Calculate the remainder when h(9) is divided by 17.
14
Let q(l) = -3*l + 8. Let x be q(-15). Let n be -1*(-1 + 0) - -22. Let v = x - n. What is the remainder when v is divided by 11?
8
Let l(p) = 2*p**3 + 31*p**2 + 24*p + 18. Let d(k) = -k**3 - 16*k**2 - 12*k - 9. Let i(n) = 5*d(n) + 3*l(n). What is the remainder when 24 is divided by i(-12)?
6
Suppose 2*q + 5*f = -2*q + 25, -2*q - f + 17 = 0. Calculate the remainder when 29 is divided by q.
9
Let q be (6/3)/1*-16. Let t = 47 + q. Calculate the remainder when t is divided by 4.
3
Let j = -17 + 32. Let x = j - 3. Let r = x - 7. What is the remainder when 8 is divided by r?
3
Suppose 0 = -2*z + 34 - 24. What is the remainder when ((-54)/4)/((-3)/4) is divided by z?
3
Let g = -9 + 25. What is the remainder when 269 is divided by g?
13
Let d(x) = -x**2 + 10*x - 6. Calculate the remainder when d(9) is divided by ((-1)/2)/(12/(-48)).
1
Suppose -4*r = -4*o + 32, 2*o + 1 = r + 11. Calculate the remainder when 3 is divided by (-16)/(-10) + r/(-15).
1
Let v(n) = -n**2 - 12*n + 2. What is the remainder when 49 is divided by v(-11)?
10
Let v(p) = p**3 + 8*p**2 + 7*p + 3. Suppose h + 4*q - 2 = 23, -q + 15 = 2*h. Calculate the remainder when h is divided by v(-7).
2
Suppose -2*g = -5*g + 24. Calculate the remainder when 15 is divided by g.
7
Let i be 2 + (-15 - (0 - 2)). Let k = 18 + i. Calculate the remainder when k is divided by 4.
3
Let w = 9 - 4. Let h = 7 + w. Calculate the remainder when 21 is divided by h.
9
Suppose 5*y + 78 = c - 377, -2*y - 175 = c. Let o = -62 - y. Let x = -26 + 36. What is the remainder when o is divided by x?
8
Let s = -36 + 41. Let x(f) = 2*f - 3. Calculate the remainder when s is divided by x(3).
2
Suppose 14 = -i + 56. Let a(b) = -3*b + 2. Calculate the remainder when i is divided by a(-3).
9
Let k(y) = -y**2 + 11*y + 1. Calculate the remainder when 21 is divided by k(10).
10
Let j(q) = -q**3 + 14*q**2 + 33*q + 1. Calculate the remainder when ((-6)/4)/((-3)/128) is divided by j(16).
13
Let g = 36 + -16. Suppose 15 = 4*f + f, -c + g = -f. Calculate the remainder when 89 is divided by c.
20
Let l = -6 + 3. Calculate the remainder when 59 is divided by (8/l)/(4/(-30)).
19
Suppose -6 = 3*t, 2*a - t = 2*t + 28. Let i = -80 + 123. Calculate the remainder when i is divided by a.
10
Calculate the remainder when 37 is divided by ((-180)/27)/(2/(-3)).
7
Let b(v) = -2 - v**2 + 1 + 0 + v**3 - 2*v - 4*v**3. Let a be b(-1). What is the remainder when 2 is divided by (0 - 1) + a + -1?
0
Let g = 26 - 9. Calculate the remainder when g is divided by -4 + (13 + 0)*1.
8
Suppose 0*v = 2*v. Suppose v = w + 4*w - 60. What is the remainder when 34 is divided by w?
10
Suppose 40 = 5*m - 75. Suppose 3*a + 5*p = -m, 0*p - 19 = -a + 5*p. Calculate the remainder when 82/(2*a/(-1)) is divided by 21.
20
Let h = -16 + 31. What is the remainder when 29 is divided by h?
14
Suppose -8*o + 10 = -7*o. Let b = -90 - -128. What is the remainder when b is divided by o?
8
Suppose -3*q + 0*q + 78 = 0. Suppose q = 2*y - 26. What is the remainder when y is divided by 9?
8
Let a = -45 - -74. Suppose n = k - 10, -a = 4*k - 6*k + 5*n. What is the remainder when k is divided by 3?
1
Suppose 5 + 2 = g. Let s(j) = j**3 + 5*j**2 - 8*j - 7. Calculate the remainder when g is divided by s(-6).
2
Let q(z) = z**2 + 4*z - 4. Let y be q(-4). Let g(t) = -t**3 - 3*t**2 + t - 4. Let b(r) = r**2 - 6*r + 7. What is the remainder when b(8) is divided by g(y)?
7
Suppose 0 = -k + 3*k - 14. Let a(c) = -7*c - 2. Suppose -h = -0*h + 2. Calculate the remainder when a(h) is divided by k.
5
Let g(x) = x**2 + 5*x - 4. Let r be g(3). Let m = 33 - r. What is the remainder when 38 is divided by m?
12
Suppose -8*t + 16 = -4*t. Calculate the remainder when 13 is divided by t.
1
Let u = 57 + -29. Let q be 1/(-4) - (-122)/8. Suppose q = -h + 2*h. What is the remainder when u is divided by h?
13
Suppose -4*c + 118 = 2*u, c = -5*u + 8 + 8. Suppose 0 = -6*w - 32 + 98. Calculate the remainder when c is divided by w.
9
Let j = -101 + 158. What is the remainder when 112 is divided by j?
55
Suppose 0 = z - 0*z - 231. Suppose z - 623 = -4*v. Suppose v = 5*w - 2*f, -10 + 54 = 2*w - 2*f. What is the remainder when w is divided by 10?
8
Suppose -4*n = -7 - 41. What is the remainder when 3 is divided by 21/12 + 3/n?
1
Let s = -28 - -53. Suppose 0 = 3*y - 5*c + 27, y + 10 = -3*y - 2*c. Let w(t) = t**3 + 4*t**2 - 3*t - 3. What is the remainder when s is divided by w(y)?
7
Let s = -14 - -9. Let z = s - -9. Suppose -5*g = 4*w + 10, 0*w - w + 1 = 3*g. Calculate the remainder when z is divided by g.
0
Let c(h) = h**2 + 10*h - 21. What is the remainder when c(10) is divided by 36?
35
Let h(k) = k**3 + 4*k**2 - 2*k - 4. Let j be h(-4). Suppose 4 + 20 = -j*d. Let a = 5 - d. Calculate the remainder when a is divided by 4.
3
Let r(w) = 2*w**3 + w**2 - 1. Let j be -2 + 0 + 3 + 0. What is the remainder when 3 is divided by r(j)?
1
Let d = -16 - -27. What is the remainder when 41 is divided by d?
8
Let c = 16 - 7. Suppose 4*j + 87 = 5*o, 66 = 4*o - 4*j + 2*j. What is the remainder when o is divided by c?
6
Suppose 5*y - 51 = j - 5*j, j + 1 = 0. Calculate the remainder when y is divided by 3.
2
Suppose -5*z = 5*d - 170, 5*d - 4*z - 190 = -5*z. Calculate the remainder when d is divided by 8.
7
Let k(s) = -2*s - 7. Let b be k(7). Let o = 36 + b. Calculate the remainder when 6/o + (-146)/(-10) is divided by 8.
7
Suppose 4*t = -a + 173, t - 4*a - 31 + 9 = 0. Let s = -6 + 8. Suppose -4*d = s*n - t, 0 = d + 5*n - 4*n - 11. Calculate the remainder when d is divided by 4.
2
Suppose -5*p - 113 = 4*r - 10*p, -2*r = -5*p + 59. Let w = r + 91. What is the remainder when w is divided by 33?
31
Let a(l) = 17*l**3 + l**2 - 2*l + 2. Calculate the remainder when 69 is divided by a(1).
15
Suppose 3*j = 18 + 6. What is the remainder when 22 is divided by j?
6
Let s(c) = -c**3 - 6*c**2 + 5*c - 5. Let a be s(-7). Suppose x = -2*x + a. Let u = -1 + x. Calculate the remainder when 4 is divided by u.
0
Suppose -4*c - c - 2*g = 45, -5*c - 60 = -g. Let q = 16 + c. Calculate the remainder when q is divided by 2 + 2 + 0 + -2.
1
Suppose 0 = 5*y + 5 - 30. Suppose -y*u = -4*u - 13. What is the remainder when 24 is divided by u?
11
Suppose -2*i + 5 = v, 2*i + 5 = 5*v - 32. Let z be (1/(-1))/((-1)/v). Suppose -35 = 2*b - z*b. Calculate the remainder when 13 is divided by b.
6
Let r = -7 + 40. Calculate the remainder when (3/(-2))/(r/(-616)) is divided by 10.
8
Calculate the remainder when 81 is divided by 2*(-1)/2 + 8.
4
Let j = 59 + -19. Calculate the remainder when j is divided by 15.
10
Let k(o) = -o + 17. What is the remainder when 22 is divided by k(9)?
6
Let y = -2 + -1. Let i be (8/y)/(2/(-3)). Suppose c - i = -c. What is the remainder when 4 is divided by c?
0
Let h = -22 - -38. Let p be (16/3)/((-2)/12). Calculate the remainder when -2*3/6 - p is divided by h.
15
Let a(p) = 1. Let f(k)